{"id":14,"date":"2015-01-17T15:35:40","date_gmt":"2015-01-17T15:35:40","guid":{"rendered":"http:\/\/diabetikerbund-goeppingen.de\/?page_id=14"},"modified":"2019-02-19T22:08:49","modified_gmt":"2019-02-19T22:08:49","slug":"mitgliedschaft","status":"publish","type":"page","link":"http:\/\/www.diabetiker-goeppingen.de\/?page_id=14","title":{"rendered":"Mitgliedschaft"},"content":{"rendered":"<p><center>Sind Sie schon in einer Selbsthilfe-Gruppe der Diabetiker Baden-W\u00fcrttemberg?<br \/>\nWenn nicht, denken Sie daran, gemeinsam sind wir stark !!!<\/center>Der Mitgliedsbeitrag ist selbstverst\u00e4ndlich steuerlich absetzbar.<\/p>\n<p>Antr\u00e4ge und weitere Informationen erhalten Sie bei<\/p>\n<p><b> Kewal Lekha<br \/>\nTobelweg 9<br \/>\n73102 Birenbach<\/b><\/p>\n<p>Mo-Fr 8-9 oder 16-17 Uhr<br \/>\nTel. (07161) 53082<\/p>\n<p><center><\/center><center>Eine regul\u00e4re Mitgliedschaft k\u00f6nnen Sie auf der Seite<\/center><center>der <a href=\"http:\/\/www.diabetiker-bw.de\" target=\"_blank\" rel=\"noopener\">Diabetiker Baden-W\u00fcrttemberg <\/a>beantragen.<\/center><\/p>\n","protected":false},"excerpt":{"rendered":"<p>Sind Sie schon in einer Selbsthilfe-Gruppe der Diabetiker Baden-W\u00fcrttemberg? Wenn nicht, denken Sie daran, gemeinsam sind wir stark !!!Der Mitgliedsbeitrag ist selbstverst\u00e4ndlich steuerlich absetzbar. Antr\u00e4ge und weitere Informationen erhalten Sie bei Kewal Lekha Tobelweg 9 73102 Birenbach Mo-Fr 8-9 oder &hellip; <a href=\"http:\/\/www.diabetiker-goeppingen.de\/?page_id=14\">Weiterlesen <span class=\"meta-nav\">&rarr;<\/span><\/a><\/p>\n","protected":false},"author":1,"featured_media":0,"parent":0,"menu_order":0,"comment_status":"open","ping_status":"open","template":"","meta":[],"_links":{"self":[{"href":"http:\/\/www.diabetiker-goeppingen.de\/index.php?rest_route=\/wp\/v2\/pages\/14"}],"collection":[{"href":"http:\/\/www.diabetiker-goeppingen.de\/index.php?rest_route=\/wp\/v2\/pages"}],"about":[{"href":"http:\/\/www.diabetiker-goeppingen.de\/index.php?rest_route=\/wp\/v2\/types\/page"}],"author":[{"embeddable":true,"href":"http:\/\/www.diabetiker-goeppingen.de\/index.php?rest_route=\/wp\/v2\/users\/1"}],"replies":[{"embeddable":true,"href":"http:\/\/www.diabetiker-goeppingen.de\/index.php?rest_route=%2Fwp%2Fv2%2Fcomments&post=14"}],"version-history":[{"count":4,"href":"http:\/\/www.diabetiker-goeppingen.de\/index.php?rest_route=\/wp\/v2\/pages\/14\/revisions"}],"predecessor-version":[{"id":235,"href":"http:\/\/www.diabetiker-goeppingen.de\/index.php?rest_route=\/wp\/v2\/pages\/14\/revisions\/235"}],"wp:attachment":[{"href":"http:\/\/www.diabetiker-goeppingen.de\/index.php?rest_route=%2Fwp%2Fv2%2Fmedia&parent=14"}],"curies":[{"name":"wp","href":"https:\/\/api.w.org\/{rel}","templated":true}]}}