{"id":9,"date":"2015-01-17T15:21:29","date_gmt":"2015-01-17T15:21:29","guid":{"rendered":"http:\/\/diabetikerbund-goeppingen.de\/?page_id=9"},"modified":"2024-01-24T14:14:06","modified_gmt":"2024-01-24T14:14:06","slug":"treffen","status":"publish","type":"page","link":"http:\/\/www.diabetiker-goeppingen.de\/?page_id=9","title":{"rendered":"Selbsthilfegruppen"},"content":{"rendered":"\n<p><\/p>\n\n\n<p>\u00a0<\/p>\n<table style=\"height: 1057px;\" width=\"593\">\n<tbody>\n<tr>\n<td>\n<h2><strong>Treffen der Selbsthilfegruppen \u00a0 \u00a0 \u00a0 \u00a0 \u00a0 \u00a0 \u00a0 \u00a0 \u00a0 \u00a0 \u00a0 \u00a0 \u00a0 \u00a0 \u00a0 \u00a0 \u00a0 \u00a0 \u00a0 \u00a0 G\u00f6ppingen,\u00a0 Geislingen,\u00a0 Birenbach<\/strong><\/h2>\n<\/td>\n<\/tr>\n<tr>\n<td>Wir veranstalten regelm\u00e4\u00dfig Vortr\u00e4ge \u00fcber Diabetes und es finden auch Gespr\u00e4chskreise statt, in denen man Erfahrungen austauschen kann.<\/td>\n<\/tr>\n<tr>\n<td>\n<p>Treffpunkt Bezirksverband\u00a0<strong>G\u00f6ppingen<\/strong>\u00a0 &#8211;\u00a0 AOK \u2013 Die Gesundheitskasse \/ Neckar-Fils, Kundencenter G\u00f6ppingen, Rosenstra\u00dfe 22, 73033 G\u00f6ppingen, Termine siehe <a href=\"file:\/\/\/C:\/Users\/Admin2\/Documents\/GP-SHG-2024%20(3).pdf\">Jahresprogramm G\u00f6ppingen 2024<\/a><\/p>\n<\/td>\n<\/tr>\n<tr>\n<td>\u00a0<\/td>\n<\/tr>\n<tr>\n<td>\n<p>Treffpunkt &#8211; SHG <strong>Birenbach<\/strong> im Bahnhof, Lorcher Stra\u00dfe 34, 73102 Birenbach &#8211;\u00a0 Termine siehe <a href=\"http:\/\/www.diabetiker-goeppingen.de\/wp-content\/uploads\/2023\/01\/23-SHG-Birenbach.pdf\">Jahresprogramm Birenbach 2023<\/a><\/p>\n<p>\u00a0<\/p>\n<\/td>\n<\/tr>\n<tr>\n<td>\u00a0<\/td>\n<\/tr>\n<tr>\n<td>\n<p>Treffpunkt &#8211; SHG <strong>Geislingen <\/strong>im Mehrgenerationenhaus, Schillerstra\u00dfe 4,\u00a0 73312 Geislingen\u00a0 &#8211;\u00a0 Termine siehe: <a href=\"http:\/\/www.diabetiker-goeppingen.de\/wp-content\/uploads\/2023\/01\/23-SHG-Geis.-.pdf\">Jahresprogramm Geislingen 2023<\/a><\/p>\n<\/td>\n<\/tr>\n<tr>\n<td>\u00a0<\/td>\n<\/tr>\n<tr>\n<td>Kinder+Jugend SHG Stauferland<\/td>\n<\/tr>\n<\/tbody>\n<\/table>\n\n\n<div class=\"wp-block-media-text alignwide is-stacked-on-mobile\" style=\"grid-template-columns:41% auto\"><figure class=\"wp-block-media-text__media\"><img decoding=\"async\" loading=\"lazy\" width=\"576\" height=\"1024\" src=\"http:\/\/www.diabetiker-goeppingen.de\/wp-content\/uploads\/2019\/12\/20191118_192948-e1576869587922-576x1024.jpg\" alt=\"\" class=\"wp-image-423 size-full\" srcset=\"http:\/\/www.diabetiker-goeppingen.de\/wp-content\/uploads\/2019\/12\/20191118_192948-e1576869587922-576x1024.jpg 576w, http:\/\/www.diabetiker-goeppingen.de\/wp-content\/uploads\/2019\/12\/20191118_192948-e1576869587922-169x300.jpg 169w, http:\/\/www.diabetiker-goeppingen.de\/wp-content\/uploads\/2019\/12\/20191118_192948-e1576869587922-768x1365.jpg 768w, http:\/\/www.diabetiker-goeppingen.de\/wp-content\/uploads\/2019\/12\/20191118_192948-e1576869587922.jpg 1836w\" sizes=\"(max-width: 576px) 100vw, 576px\" \/><\/figure><div class=\"wp-block-media-text__content\">\n<h2><br>Treffpunkt <strong>G\u00f6ppingen<\/strong>      AOK <\/h2>\n\n\n\n<p>Rosenstra\u00dfe 22<\/p>\n\n\n\n<p>73033 G\u00f6ppingen<\/p>\n\n\n\n<p><\/p>\n<\/div><\/div>\n","protected":false},"excerpt":{"rendered":"<p>\u00a0 Treffen der Selbsthilfegruppen \u00a0 \u00a0 \u00a0 \u00a0 \u00a0 \u00a0 \u00a0 \u00a0 \u00a0 \u00a0 \u00a0 \u00a0 \u00a0 \u00a0 \u00a0 \u00a0 \u00a0 \u00a0 \u00a0 \u00a0 G\u00f6ppingen,\u00a0 Geislingen,\u00a0 Birenbach Wir veranstalten regelm\u00e4\u00dfig Vortr\u00e4ge \u00fcber Diabetes und es finden auch Gespr\u00e4chskreise statt, in &hellip; <a href=\"http:\/\/www.diabetiker-goeppingen.de\/?page_id=9\">Weiterlesen <span class=\"meta-nav\">&rarr;<\/span><\/a><\/p>\n","protected":false},"author":1,"featured_media":0,"parent":0,"menu_order":1,"comment_status":"open","ping_status":"closed","template":"","meta":[],"_links":{"self":[{"href":"http:\/\/www.diabetiker-goeppingen.de\/index.php?rest_route=\/wp\/v2\/pages\/9"}],"collection":[{"href":"http:\/\/www.diabetiker-goeppingen.de\/index.php?rest_route=\/wp\/v2\/pages"}],"about":[{"href":"http:\/\/www.diabetiker-goeppingen.de\/index.php?rest_route=\/wp\/v2\/types\/page"}],"author":[{"embeddable":true,"href":"http:\/\/www.diabetiker-goeppingen.de\/index.php?rest_route=\/wp\/v2\/users\/1"}],"replies":[{"embeddable":true,"href":"http:\/\/www.diabetiker-goeppingen.de\/index.php?rest_route=%2Fwp%2Fv2%2Fcomments&post=9"}],"version-history":[{"count":63,"href":"http:\/\/www.diabetiker-goeppingen.de\/index.php?rest_route=\/wp\/v2\/pages\/9\/revisions"}],"predecessor-version":[{"id":608,"href":"http:\/\/www.diabetiker-goeppingen.de\/index.php?rest_route=\/wp\/v2\/pages\/9\/revisions\/608"}],"wp:attachment":[{"href":"http:\/\/www.diabetiker-goeppingen.de\/index.php?rest_route=%2Fwp%2Fv2%2Fmedia&parent=9"}],"curies":[{"name":"wp","href":"https:\/\/api.w.org\/{rel}","templated":true}]}}